538
Calculate the remainder when 681849 is divided by 564.
537
Calculate the remainder when 130448339 is divided by 171417.
2
Calculate the remainder when 2295344 is divided by 18.
2
Calculate the remainder when 109561 is divided by 109553.
8
Calculate the remainder when 3331276 is divided by 2857.
14
Calculate the remainder when 57443 is divided by 2243.
1368
Calculate the remainder when 977824 is divided by 4656.
64
Calculate the remainder when 615443 is divided by 205105.
128
Calculate the remainder when 2168922 is divided by 144591.
57
Calculate the remainder when 140827 is divided by 258.
217
What is the remainder when 3064 is divided by 1685?
1379
Calculate the remainder when 28680023 is divided by 1663.
1588
Calculate the remainder when 57876 is divided by 27992.
1892
What is the remainder when 25468 is divided by 23553?
1915
Calculate the remainder when 8364716 is divided by 156.
152
What is the remainder when 3133099 is divided by 3298?
3297
What is the remainder when 5176314 is divided by 120?
114
Calculate the remainder when 685076 is divided by 342527.
22
Calculate the remainder when 5294 is divided by 5213.
81
What is the remainder when 2165001 is divided by 721319?
1044
Calculate the remainder when 28022078 is divided by 670.
668
What is the remainder when 676841 is divided by 18801?
5
Calculate the remainder when 156886 is divided by 155.
26
What is the remainder when 6181744 is divided by 1635?
1444
What is the remainder when 2999282 is divided by 308?
286
Calculate the remainder when 12006411 is divided by 1500800.
11
What is the remainder when 1809343 is divided by 30154?
103
Calculate the remainder when 10074866 is divided by 438.
428
Calculate the remainder when 577122 is divided by 288152.
818
Calculate the remainder when 2746017 is divided by 903.
897
What is the remainder when 5664733 is divided by 154?
151
Calculate the remainder when 27290600 is divided by 125.
100
What is the remainder when 51009342 is divided by 927442?
32
What is the remainder when 9860445 is divided by 4727?
4650
What is the remainder when 59777816 is divided by 2423?
2406
Calculate the remainder when 311044 is divided by 5669.
4918
Calculate the remainder when 1621082 is divided by 46.
42
Calculate the remainder when 19112883 is divided by 530913.
15
What is the remainder when 717516 is divided by 21101?
82
Calculate the remainder when 17074196 is divided by 835.
116
Calculate the remainder when 59146215 is divided by 1121.
13
Calculate the remainder when 3100247 is divided by 775061.
3
What is the remainder when 48235 is divided by 3095?
1810
What is the remainder when 237944 is divided by 77535?
5339
What is the remainder when 45709 is divided by 696?
469
What is the remainder when 620187 is divided by 308777?
2633
Calculate the remainder when 29684 is divided by 9831.
191
Calculate the remainder when 14617326 is divided by 35652.
6
What is the remainder when 183774 is divided by 2724?
1266
What is the remainder when 480223 is divided by 1?
0
What is the remainder when 1102240 is divided by 2187?
2179
What is the remainder when 118375 is divided by 39402?
169
What is the remainder when 181671098 is divided by 26?
24
Calculate the remainder when 36193 is divided by 1119.
385
What is the remainder when 3057701 is divided by 611394?
731
Calculate the remainder when 8372950 is divided by 744.
718
Calculate the remainder when 14223858 is divided by 1628.
22
Calculate the remainder when 172736 is divided by 7197.
8
Calculate the remainder when 2393136 is divided by 23.
9
What is the remainder when 60993173 is divided by 2995?
2993
Calculate the remainder when 257119 is divided by 529.
25
Calculate the remainder when 4541278 is divided by 2974.
2954
Calculate the remainder when 8054560 is divided by 45.
10
What is the remainder when 17564 is divided by 767?
690
What is the remainder when 62808566 is divided by 4746?
2
Calculate the remainder when 84109 is divided by 4636.
661
Calculate the remainder when 908272 is divided by 82569.
13
Calculate the remainder when 510993 is divided by 510958.
35
Calculate the remainder when 523899 is divided by 37405.
229
What is the remainder when 3048315 is divided by 277117?
28
Calculate the remainder when 61084813 is divided by 26.
23
Calculate the remainder when 20023710 is divided by 14745.
0
Calculate the remainder when 1690960 is divided by 130060.
180
What is the remainder when 279311 is divided by 92307?
2390
What is the remainder when 4486733 is divided by 94?
19
Calculate the remainder when 144008 is divided by 5328.
152
What is the remainder when 311262 is divided by 245?
112
What is the remainder when 705083 is divided by 44029?
619
Calculate the remainder when 744021 is divided by 547.
101
What is the remainder when 142025368 is divided by 1323?
1318
What is the remainder when 1872604 is divided by 1432?
980
Calculate the remainder when 19500 is divided by 2603.
1279
What is the remainder when 216083 is divided by 1228?
1183
What is the remainder when 7211106 is divided by 600901?
294
What is the remainder when 9372520 is divided by 28?
24
What is the remainder when 94371 is divided by 744?
627
Calculate the remainder when 30249470 is divided by 187.
163
Calculate the remainder when 1322125 is divided by 367.
191
What is the remainder when 164523 is divided by 2397?
1527
What is the remainder when 50973 is divided by 50880?
93
What is the remainder when 32618764 is divided by 149?
131
Calculate the remainder when 60695 is divided by 40.
15
Calculate the remainder when 451889 is divided by 1333.
2
What is the remainder when 245555 is divided by 107?
97
What is the remainder when 1590206 is divided by 3457?
3443
Calculate the remainder when 18169 is divided by 1647.
52
What is the remainder when 3034939 is divided by 4052?
4043
Calculate the remainder when 5054754 is divided by 1263677.
46
What is the remainder when 744614 is divided by 37228?
54
What is the remainder when 1376296 is divided by 1376224?
72
Calculate the remainder when 29301130 is divided by 38.
14
What is the remainder when 1426617 is divided by 414?
387
What is the remainder when 99275542 is divided by 19855108?
2
What is the remainder when 1039157 is divided by 1302?
161
Calculate the remainder when 2313456 is divided by 1559.
1459
Calculate the remainder when 10565669 is divided by 634.
59
Calculate the remainder when 36516 is divided by 76.
36
Calculate the remainder when 25484445 is divided by 12.
9
Calculate the remainder when 850862 is divided by 10125.
362
Calculate the remainder when 83619 is divided by 540.
459
What is the remainder when 27288078 is divided by 8?
6
What is the remainder when 125871 is divided by 1414?
25
Calculate the remainder when 44308498 is divided by 647.
644
What is the remainder when 2725830 is divided by 133?
128
What is the remainder when 8266989 is divided by 40325?
364
Calculate the remainder when 10203081 is divided by 1961.
1959
Calculate the remainder when 552098 is divided by 276044.
10
Calculate the remainder when 566286 is divided by 94381.
0
Calculate the remainder when 3441590 is divided by 61454.
166
What is the remainder when 1606158 is divided by 142?
138
Calculate the remainder when 771859 is divided by 33555.
94
What is the remainder when 822381 is divided by 46?
39
What is the remainder when 219955602 is divided by 116?
114
What is the remainder when 1062881 is divided by 55?
6
Calculate the remainder when 30444373 is divided by 5074060.
13
What is the remainder when 3257908 is divided by 21574?
234
Calculate the remainder when 435284 is divided by 435265.
19
Calculate the remainder when 76487107 is divided by 14.
11
What is the remainder when 20598 is divided by 6848?
54
What is the remainder when 234079 is divided by 46810?
29
Calculate the remainder when 157148 is divided by 217.
40
Calculate the remainder when 325190 is divided by 32516.
30
Calculate the remainder when 7379970 is divided by 19370.
0
Calculate the remainder when 17491405 is divided by 596.
593
What is the remainder when 1834134 is divided by 7366?
0
What is the remainder when 34786108 is divided by 29?
28
What is the remainder when 2502300 is divided by 113740?
20
What is the remainder when 5064752 is divided by 36